{"id":264,"date":"2020-06-22T21:29:54","date_gmt":"2020-06-22T19:29:54","guid":{"rendered":"http:\/\/financeinvestment.pl\/?page_id=264"},"modified":"2021-07-07T19:33:00","modified_gmt":"2021-07-07T17:33:00","slug":"rozpoczecie-dzialalnosci-biznesowej","status":"publish","type":"page","link":"https:\/\/financeinvestment.pl\/?page_id=264","title":{"rendered":"ROZPOCZ\u0118CIE DZIA\u0141ALNO\u015aCI BIZNESOWEJ"},"content":{"rendered":"<p><\/p>\r\n<p><img loading=\"lazy\" decoding=\"async\" class=\"alignnone wp-image-473 size-large\" src=\"http:\/\/financeinvestment.pl\/wp-content\/uploads\/2021\/07\/shutterstock_221314189-1024x683.jpg\" alt=\"\" width=\"1024\" height=\"683\" srcset=\"https:\/\/financeinvestment.pl\/wp-content\/uploads\/2021\/07\/shutterstock_221314189-1024x683.jpg 1024w, https:\/\/financeinvestment.pl\/wp-content\/uploads\/2021\/07\/shutterstock_221314189-300x200.jpg 300w, https:\/\/financeinvestment.pl\/wp-content\/uploads\/2021\/07\/shutterstock_221314189-768x512.jpg 768w, https:\/\/financeinvestment.pl\/wp-content\/uploads\/2021\/07\/shutterstock_221314189-1536x1024.jpg 1536w, https:\/\/financeinvestment.pl\/wp-content\/uploads\/2021\/07\/shutterstock_221314189-2048x1365.jpg 2048w\" sizes=\"auto, (max-width: 1024px) 100vw, 1024px\" \/><\/p>\r\n<form accept-charset=\"UTF-8\" action=\"https:\/\/mail.andrzejfesnak.pl\/subscribe.php\" method=\"POST\">\r\n<div style=\"clear: both;\">\r\n<h3><span style=\"color: #ff0000;\">Pomoc Finance Investment w rozpocz\u0119ciu dzia\u0142alno\u015bci biznesowej<strong>:<\/strong><\/span><\/h3>\r\n<p>Wizja za\u0142atwiania zawi\u0142ych formalno\u015bci cz\u0119sto podcina skrzyd\u0142a\u00a0przysz\u0142emu przedsi\u0119biorcy i powoduje rezygnacj\u0119 z wcielenia plan\u00f3w w\u00a0\u017cycie.<\/p>\r\n<p>Nasz\u0105 misj\u0105 jest umo\u017cliwienie Pa\u0144stwu skupienia si\u0119 na tym, co\u00a0najwa\u017cniejsze, czyli na pomys\u0142ach i rozwoju.<\/p>\r\n<p>Dlatego oferujemy kompleksowe\u00a0doradztwo w kwestiach prawnych i organizacyjnych, jak r\u00f3wnie\u017c<\/p>\r\n<p>przeprowadzamy wszelkie czynno\u015bci zwi\u0105zane z przygotowaniem koniecznej\u00a0dokumentacji i przekazaniem jej odpowiednim instytucjom.<\/p>\r\n<p>Rozpocz\u0119cie prowadzenia dzia\u0142alno\u015bci gospodarczej wi\u0105\u017ce si\u0119 z konieczno\u015bci\u0105 spe\u0142nienia okre\u015blonych wymog\u00f3w. Urz\u0105d Skarbowy jest miejscem, w kt\u00f3rym przysz\u0142y przedsi\u0119biorca zak\u0142adaj\u0105cy w\u0142asn\u0105 firm\u0119\u00a0b\u0119dzie musia\u0142:<\/p>\r\n<ul>\r\n<li>dokona\u0107 zg\u0142oszenia identyfikacyjnego lub jego\u00a0aktualizacji<\/li>\r\n<li>wybra\u0107 najbardziej odpowiedni\u0105 dla prowadzonej\u00a0 dzia\u0142alno\u015bci form\u0119 opodatkowania podatkiem dochodowym.<\/li>\r\n<\/ul>\r\n<p>B\u0119dzie tak\u017ce\u00a0musia\u0142 zwr\u00f3ci\u0107 uwag\u0119 na obowi\u0105zki zwi\u0105zane z rejestracj\u0105 i uiszczaniem\u00a0podatku od towar\u00f3w i us\u0142ug, kt\u00f3re dotycz\u0105 okre\u015blonych grup podatnik\u00f3w lub\u00a0uzale\u017cnione s\u0105 od rodzaju prowadzonej dzia\u0142alno\u015bci i wysoko\u015bci sprzeda\u017cy.<\/p>\r\n<p>A to dopiero pocz\u0105tek&#8230; P\u00f3\u017aniej czeka nas jeszcze&#8221;<\/p>\r\n<ul>\r\n<li>ZUS<\/li>\r\n<li>GUS<\/li>\r\n<li>KRS<\/li>\r\n<li>Inspekcja Pracy<\/li>\r\n<li>Bank<\/li>\r\n<li>Leasingodawca&#8230;<\/li>\r\n<\/ul>\r\n<p>Nie odk\u0142adaj decyzji o przekazaniu prowadzenia swojej ksi\u0119gowo\u015bci do\u00a0biura rachunkowego.<br \/>Pomo\u017cemy Ci wype\u0142ni\u0107 formularze, wybierzemy\u00a0najlepsz\u0105 form\u0119 opodatkowania\u00a0 i zaoszcz\u0119dzimy Tw\u00f3j cenny czas.<\/p>\r\n<p>&nbsp;<\/p>\r\n<h3><span style=\"color: #ff0000;\">Finance Investment oferuje dla rozpoczynajacych dzia\u0142alno\u015b\u0107 biznesow\u0105<strong>:<\/strong><\/span><\/h3>\r\n<ul>\r\n<li>Zak\u0142adanie r\u00f3\u017cnych rodzaj\u00f3w sp\u00f3\u0142ek funkcjonuj\u0105cych na rynku, m.in.:\r\n<ul>\r\n<li>sp\u00f3\u0142ki z ograniczon\u0105 odpowiedzialno\u015bci\u0105<\/li>\r\n<li>oddzia\u0142u<\/li>\r\n<li>sp\u00f3\u0142ki akcyjnej<\/li>\r\n<li>sp\u00f3\u0142ki komandytowej<\/li>\r\n<\/ul>\r\n<\/li>\r\n<li>Zapewnienie pe\u0142nomocnika reprezentuj\u0105cego udzia\u0142owc\u00f3w\/akcjonariuszy przed miejscowymi urz\u0119dami na mocy udzielonego pe\u0142nomocnictwa.<\/li>\r\n<li>Sporz\u0105dzenie stosownej dokumentacji i zg\u0142oszenie wniosk\u00f3w we\u00a0w\u0142a\u015bciwych urz\u0119dach.<\/li>\r\n<li>Otwarcie rachunk\u00f3w bankowych.<\/li>\r\n<li>Opracowanie umowy sp\u00f3\u0142ki zgodnie z przepisami prawa krajowego i KSH<\/li>\r\n<li>Zorganizowanie obs\u0142ugi notarialnej, prawnej i t\u0142umaczeniowej,\u00a0potrzebnej do przeprowadzenia transakcji.<\/li>\r\n<li>Zainteresowanym szybkim rozpocz\u0119ciem dzia\u0142alno\u015bci oferujemy gotowe do\u00a0natychmiastowego dzia\u0142ania, w pe\u0142ni zarejestrowane sp\u00f3\u0142ki &#8222;shelf&#8221;\u00a0companies.<\/li>\r\n<\/ul>\r\n<\/div>\r\n<input name=\"mlid\" type=\"hidden\" value=\"142\" \/> <input name=\"req\" type=\"hidden\" value=\"fname:email\" \/> <input name=\"token\" type=\"hidden\" value=\"56d09df090c7bf360d53adbc6fd39b4c8a96daeb\" \/> <input name=\"coregister\" type=\"hidden\" value=\"\" \/><\/form>","protected":false},"excerpt":{"rendered":"<p>Pomoc Finance Investment w rozpocz\u0119ciu dzia\u0142alno\u015bci biznesowej: Wizja za\u0142atwiania zawi\u0142ych formalno\u015bci cz\u0119sto podcina skrzyd\u0142a\u00a0przysz\u0142emu przedsi\u0119biorcy i powoduje rezygnacj\u0119 z wcielenia&hellip;<\/p>\n","protected":false},"author":1,"featured_media":0,"parent":0,"menu_order":0,"comment_status":"closed","ping_status":"closed","template":"","meta":{"footnotes":""},"class_list":["post-264","page","type-page","status-publish","hentry"],"_links":{"self":[{"href":"https:\/\/financeinvestment.pl\/index.php?rest_route=\/wp\/v2\/pages\/264","targetHints":{"allow":["GET"]}}],"collection":[{"href":"https:\/\/financeinvestment.pl\/index.php?rest_route=\/wp\/v2\/pages"}],"about":[{"href":"https:\/\/financeinvestment.pl\/index.php?rest_route=\/wp\/v2\/types\/page"}],"author":[{"embeddable":true,"href":"https:\/\/financeinvestment.pl\/index.php?rest_route=\/wp\/v2\/users\/1"}],"replies":[{"embeddable":true,"href":"https:\/\/financeinvestment.pl\/index.php?rest_route=%2Fwp%2Fv2%2Fcomments&post=264"}],"version-history":[{"count":7,"href":"https:\/\/financeinvestment.pl\/index.php?rest_route=\/wp\/v2\/pages\/264\/revisions"}],"predecessor-version":[{"id":474,"href":"https:\/\/financeinvestment.pl\/index.php?rest_route=\/wp\/v2\/pages\/264\/revisions\/474"}],"wp:attachment":[{"href":"https:\/\/financeinvestment.pl\/index.php?rest_route=%2Fwp%2Fv2%2Fmedia&parent=264"}],"curies":[{"name":"wp","href":"https:\/\/api.w.org\/{rel}","templated":true}]}}